hat is the units digit of 439042?
2
What is the ten thousands digit of 1314600?
1
What is the tens digit of 1041872?
7
What is the units digit of 358707?
7
What is the hundred thousands digit of 306887?
3
What is the ten thousands digit of 23014?
2
What is the tens digit of 8031206?
0
What is the hundreds digit of 904407?
4
What is the hundreds digit of 1772133?
1
What is the hundred thousands digit of 306540?
3
What is the tens digit of 14836?
3
What is the ten thousands digit of 1307093?
0
What is the units digit of 1764251?
1
What is the units digit of 112095?
5
What is the ten thousands digit of 21842978?
4
What is the ten thousands digit of 25964?
2
What is the hundreds digit of 6962141?
1
What is the units digit of 78?
8
What is the tens digit of 27750904?
0
What is the ten thousands digit of 2747833?
4
What is the units digit of 8360077?
7
What is the ten millions digit of 24972279?
2
What is the units digit of 398876?
6
What is the tens digit of 648666?
6
What is the ten thousands digit of 1433213?
3
What is the tens digit of 323307?
0
What is the thousands digit of 1158821?
8
What is the tens digit of 12296713?
1
What is the hundred thousands digit of 1810045?
8
What is the hundreds digit of 1133231?
2
What is the hundreds digit of 665301?
3
What is the ten thousands digit of 243136?
4
What is the hundred thousands digit of 330222?
3
What is the units digit of 4021?
1
What is the thousands digit of 721174?
1
What is the hundred thousands digit of 3322406?
3
What is the units digit of 394726?
6
What is the units digit of 11764390?
0
What is the ten thousands digit of 171966?
7
What is the ten thousands digit of 38860727?
6
What is the tens digit of 8219636?
3
What is the thousands digit of 273565?
3
What is the tens digit of 1999143?
4
What is the thousands digit of 320034?
0
What is the units digit of 303141?
1
What is the units digit of 568935?
5
What is the ten thousands digit of 211312?
1
What is the hundreds digit of 325803?
8
What is the hundreds digit of 10854316?
3
What is the hundred thousands digit of 100128?
1
What is the hundreds digit of 546225?
2
What is the ten thousands digit of 3722745?
2
What is the thousands digit of 100580?
0
What is the tens digit of 292097?
9
What is the thousands digit of 111085?
1
What is the ten thousands digit of 9094890?
9
What is the tens digit of 5726090?
9
What is the units digit of 236681?
1
What is the thousands digit of 19827012?
7
What is the hundreds digit of 616584?
5
What is the millions digit of 25071203?
5
What is the thousands digit of 3913681?
3
What is the ten thousands digit of 186310?
8
What is the thousands digit of 1098564?
8
What is the thousands digit of 105615?
5
What is the millions digit of 4038698?
4
What is the thousands digit of 108426?
8
What is the tens digit of 5333689?
8
What is the ten thousands digit of 569953?
6
What is the thousands digit of 283558?
3
What is the millions digit of 1685097?
1
What is the ten millions digit of 16860890?
1
What is the hundreds digit of 448946?
9
What is the millions digit of 14271830?
4
What is the ten thousands digit of 127933?
2
What is the hundreds digit of 214444?
4
What is the thousands digit of 9417?
9
What is the units digit of 1009535?
5
What is the hundred thousands digit of 3822207?
8
What is the hundred thousands digit of 1475383?
4
What is the thousands digit of 1895813?
5
What is the tens digit of 103267?
6
What is the ten millions digit of 13293039?
1
What is the thousands digit of 10912033?
2
What is the hundred thousands digit of 7076448?
0
What is the units digit of 136980?
0
What is the thousands digit of 366159?
6
What is the thousands digit of 2508251?
8
What is the tens digit of 2714895?
9
What is the ten thousands digit of 17656748?
5
What is the ten thousands digit of 7488409?
8
What is the thousands digit of 177367?
7
What is the hundreds digit of 388507?
5
What is the hundreds digit of 28765?
7
What is the thousands digit of 683444?
3
What is the millions digit of 4850130?
4
What is the tens digit of 370902?
0
What is the thousands digit of 5800144?
0
What is the hundreds digit of 4213284?
2
What is the units digit of 1598287?
7
What is the thousands digit of 171021?
1
What is the millions digit of 5768651?
5
What is the ten thousands digit of 217412?
1
What is the thousands digit of 2430945?
0
What is the thousands digit of 185970?
5
What is the tens digit of 436817?
1
What is the tens digit of 488087?
8
What is the hundred thousands digit of 228028?
2
What is the hundreds digit of 1713331?
3
What is the units digit of 290818?
8
What is the ten thousands digit of 281329?
8
What is the thousands digit of 3741751?
1
What is the tens digit of 198736?
3
What is the hundreds digit of 1264980?
9
What is the hundreds digit of 4965079?
0
What is the tens digit of 1509?
0
What is the hundreds digit of 268857?
8
What is the millions digit of 13258174?
3
What is the hundred thousands digit of 115243?
1
What is the thousands digit of 4106807?
6
What is the tens digit of 28458237?
3
What is the millions digit of 2233688?
2
What is the millions digit of 3168845?
3
What is the thousands digit of 186860?
6
What is the thousands digit of 5384299?
4
What is the ten millions digit of 11801489?
1
What is the tens digit of 463995?
9
What is the units digit of 1454272?
2
What is the ten thousands digit of 922284?
2
What is the millions digit of 20470018?
0
What is the units digit of 64231?
1
What is the ten thousands digit of 4151886?
5
What is the ten thousands digit of 1215908?
1
What is the units digit of 720548?
8
What is the ten thousands digit of 748180?
4
What is the units digit of 741858?
8
What is the tens digit of 97569?
6
What is the thousands digit of 529905?
9
What is the ten thousands digit of 114874?
1
What is the millions digit of 2275802?
2
What is the tens digit of 31836846?
4
What is the hundreds digit of 161580?
5
What is the hundred thousands digit of 24015938?
0
What is the tens digit of 1264290?
9
What is the units digit of 12757297?
7
What is the thousands digit of 194908?
4
What is the units digit of 9405016?
6
What is the tens digit of 605910?
1
What is the hundreds digit of 343468?
4
What is the ten millions digit of 19700273?
1
What is the hundreds digit of 1080463?
4
What is the hundred thousands digit of 17498917?
4
What is the thousands digit of 307173?
7
What is the tens digit of 3635339?
3
What is the tens digit of 481861?
6
What is the units digit of 974011?
1
What is the thousands digit of 203642?
3
What is the thousands digit of 382878?
2
What is the hundreds digit of 1342275?
2
What is the hundreds digit of 2437288?
2
What is the hundred thousands digit of 1668061?
6
What is the units digit of 138087?
7
What is the hundred thousands digit of 190315?
1
What is the hundred thousands digit of 4101319?
1
What is the thousands digit of 4612488?
2
What is the hundred thousands digit of 382029?
3
What is the ten thousands digit of 338029?
3
What is the hundreds digit of 494653?
6
What is the millions digit of 3766826?
3
What is the hundreds digit of 145597?
5
What is the units digit of 3965667?
7
What is the ten millions digit of 17297731?
1
What is the hundreds digit of 60950?
9
What is the ten millions digit of 17027398?
1
What is the ten thousands digit of 512540?
1
What is the hundreds digit of 12726148?
1
What is the ten thousands digit of 3154307?
5
What is the ten thousands digit of 25333516?
3
What is the tens digit of 15106?
0
What is the thousands digit of 1410101?
0
What is the tens digit of 545818?
1
What is the hundred thousands digit of 1421442?
4
What is the hundred thousands digit of 15369988?
3
What is the units digit of 1469411?
1
What is the units digit of 8668064?
4
What is the thousands digit of 3326471?
6
What is the hundreds digit of 560034?
0
What is the thousands digit of 23320939?
0
What is the hundreds digit of 157752?
7
What is the thousands digit of 332261?
2
What is the ten thousands digit of 129119?
2
What is the thousands digit of 284653?
4
What is the hundreds digit of 1761713?
7
What is the ten thousands digit of 518662?
1
What is the hundreds digit of 425523?
5
What is the hundreds digit of 52426?
4
What is the hundreds digit of 209072?
0
What is the ten 